/2 - 6*j - 3. What is the units digit of c(6)?
2
Suppose -14 = -3*f - 4*v, -f - 8 = -7*v + 2*v. Let m = 15 + -27. What is the units digit of (f/2)/((-2)/m)?
6
Suppose -m + 1455 = 5*u - 136, -3*m = -4*u + 1288. What is the units digit of u?
9
Let y = -10 + 13. Suppose 2*f = 6, -4*i - y*f + 38 + 3 = 0. What is the units digit of i?
8
Let w(f) = -f**3 + 10*f**2 - f + 13. What is the units digit of w(10)?
3
Suppose 5*s - 112 = -3*p, -s + 91 = 3*s + p. What is the tens digit of s?
2
Let r = -8 - -12. Let c = r - -4. What is the units digit of c?
8
Let z = -38 + 90. What is the units digit of z?
2
Let f = 136 + -24. Suppose -u - 3*u = 4*a - f, 0 = -5*a + 3*u + 132. What is the tens digit of a?
2
Suppose -5*l + 224 = b, -5*l - 2*b = 2*b - 236. Suppose 2*j = 4*h + 6*j - l, 3*h + j = 25. What is the units digit of h?
7
Suppose 9 = 5*g + 2*f, 8 = 4*g - 5*f - 19. Suppose g = 3*c - 12. Suppose -33 = -c*q + 7. What is the units digit of q?
8
Let v be 15/3*(-2)/5. What is the tens digit of -1 + (-12)/v*4?
2
Let o be (-4)/(-2)*(-2 - 2). Let l be ((-4)/(-5))/(o/(-20)). What is the units digit of -2 + l - (-10)/2?
5
Suppose 0*z + 5*z + 25 = 0. What is the tens digit of -20*z/(60/9)?
1
Let c(u) = 3*u - 3. Let q be c(4). Suppose -g - 2*g = -q. Suppose -2*s = 5*x - g, -3*s = x - s + 1. What is the units digit of x?
1
Suppose 0 = -i - 3*i. Suppose i = l - 0*l + 3*c - 15, -l - c + 17 = 0. What is the units digit of l?
8
Let y = 22 + 77. What is the tens digit of y?
9
Let l(z) = -z + 4. Let i be l(4). Let c(k) = -3*k**2 - 3*k + 15. Let f(y) = 13*y**2 + 13*y - 60. Let x(s) = 9*c(s) + 2*f(s). What is the tens digit of x(i)?
1
Suppose -2*o - 3*o + 95 = 0. What is the tens digit of o?
1
Let t(a) = -a**3 - 6*a**2 + 3*a + 1. Let v be t(-6). Let c be v*(1 - 0 - 2). Let l = c - 8. What is the units digit of l?
9
Suppose 4*x + x = 5. Let o(d) = 8*d**2 + d. What is the units digit of o(x)?
9
Suppose 31 = -i - 5. What is the tens digit of (-40)/(-6)*i/(-15)?
1
Let s = -27 - -46. What is the units digit of s?
9
Suppose -4*b + 5*b = 0, -b + 48 = -3*m. Let p be (13 + (-2 - -2))*2. Let y = m + p. What is the units digit of y?
0
Suppose 549 = y + 179. What is the tens digit of y?
7
Suppose -6*k + k = 0. Suppose k*s = -3*s + 87. What is the tens digit of s?
2
Suppose 5*i - 1173 = -138. What is the tens digit of i?
0
Let x be (-5)/(-1)*16/(-10). Let b(p) = p**3 + 8*p**2 - 4*p - 5. What is the units digit of b(x)?
7
Let u(y) = y**3 - 10*y**2 - 9*y - 4. What is the tens digit of u(11)?
1
What is the tens digit of 3 + -7 + 71 - 2?
6
Suppose 728 = 9*r - 2*r. What is the units digit of r?
4
Suppose 3*s = 8*s - 50. Let j be (-42)/s - 6/(-30). What is the tens digit of (-47)/j + (-1)/(-4)?
1
Let f(z) = -89*z**3 + z. Let g be f(-1). Suppose -2*s + 2*b = -g, 2*s + 4*b - 5*b = 85. What is the units digit of s?
1
Let s be 0 - 2 - (-23 - 3). Suppose -4*i + 5*i - 2*o - 24 = 0, i - 5*o - s = 0. What is the tens digit of i?
2
Suppose 0 = -z - 4*p + 18, 5*p - 5 = -2*z + 37. What is the tens digit of z?
2
Suppose 32 = -5*t + 2. Let p = t + 9. Suppose -q - y - 3 = 0, 5*q = -0*y + p*y + 25. What is the units digit of q?
2
Let w be (-4)/10 + (-46)/10. Let u = 7 + w. What is the tens digit of (88/(-12))/(u/(-3))?
1
Suppose -5*h = 3*f - 12, -3*h + 4*f + 12 = f. Let a = 13 - h. What is the units digit of a?
0
Suppose -5*m = -3*v + 538, 3*m - 5*m = -2*v + 356. What is the tens digit of v?
7
Let q(l) = -l**2 - 33*l + 46. What is the units digit of q(-16)?
8
Let r be (38 - 2/1) + 1. Suppose 3*q = -a + r, 5*a + 0*q - 121 = q. What is the units digit of a?
5
Let x be -6*20/8 + 1. Let v be 79/3 - (-12)/18. Let d = v + x. What is the units digit of d?
3
Suppose 104 = 2*w + 3*i, 4*w - 5*i - 52 = 3*w. What is the units digit of w?
2
Let q be (-45)/(-20)*16/6. Let f(l) = -2*l**2 + 9*l + 9. Let d(w) = 5*w**2 - 19*w - 19. Let t(r) = q*d(r) + 13*f(r). What is the tens digit of t(-2)?
1
Suppose -8 = 5*d + 2. Let t = 4 + d. Suppose 3*p - 4*h - 2 = 5, 2*p = -t*h + 14. What is the units digit of p?
5
Let z be 1*2/(-6)*-3. Let m = z + 1. Suppose 0*s = -4*s + 2*b + 18, -m*s - 2*b + 24 = 0. What is the units digit of s?
7
Let w = 0 + 20. Let u = -5 + w. What is the tens digit of u?
1
Let c(n) be the first derivative of -n**3/3 - 6*n**2 - 6*n + 1. What is the units digit of c(-10)?
4
Suppose -118 = -c + 142. What is the tens digit of c?
6
Suppose -11 - 25 = -3*f. What is the units digit of f?
2
Suppose -3*z = -2*u - 37, -z - 3*u + 0 = -5. What is the tens digit of z?
1
Let b(i) be the third derivative of -i**5/60 - i**4/12 - i**2. Let y be b(-2). What is the units digit of (-1 - y)/((-4)/24)?
6
Let n = 29 + -2. What is the units digit of n?
7
Let c = -33 - -59. What is the tens digit of c?
2
Suppose 42 = -4*c + 6*c. What is the tens digit of c?
2
Let g be (-4)/(-2)*(-6)/(-4). Suppose -2*h + 8 = 18, -2*b + 9 = g*h. What is the tens digit of b?
1
Suppose -3*s + 104 - 23 = 0. What is the units digit of s?
7
Suppose 0 = 15*j - 10*j. Suppose -2*n + j = -14. What is the units digit of n?
7
Suppose -2*v = 8 - 4. Let y(b) = b**2 + 3*b**2 + 5*b**3 + b - 4*b**3 + 0*b**2. What is the units digit of y(v)?
6
Let p(n) = 333*n**2 + n + 3. What is the tens digit of p(-1)?
3
Suppose 70 = -0*f + 5*f. What is the tens digit of f?
1
What is the tens digit of (-40)/100 - (-57)/5?
1
Let n(u) = -4*u**3 - 2*u**2 - u. Let g be n(-1). Let j(x) = x - 3. Let v be j(5). Suppose -v*c = -o - 0 - 14, -5*c + g*o + 35 = 0. What is the units digit of c?
7
Suppose 3*i = -l + 40, 2*l - 5*i = -l + 92. What is the tens digit of l?
3
Suppose u = -2*y - 3*u + 338, -2*y + 335 = 5*u. What is the tens digit of y?
7
Let p = -3 + 6. Suppose -p*d + y - 13 + 6 = 0, 4*d + 4*y = -20. Let a = 7 + d. What is the units digit of a?
4
Suppose -s = 3*s - 980. What is the units digit of s?
5
Suppose 4*u + b + 3*b = 412, 4*b + 93 = u. What is the units digit of u?
1
Suppose -3*r + 26 + 1 = 0. What is the units digit of r?
9
Let z be (-4)/8 - (-5)/2. Suppose z*l - 28 = -2*l. What is the units digit of l?
7
Suppose 5*b + h + 23 = 99, 5*b - 4*h - 71 = 0. What is the tens digit of b?
1
What is the tens digit of -3 + (2 - -1) + 148?
4
Suppose n - 6 - 1 = 0. Suppose -6*z - 14 = -n*z. What is the tens digit of z?
1
Let w = -190 + 205. What is the units digit of w?
5
Let l(i) = i**2 - 8*i + 10. Suppose -r + 0 - 1 = 4*y, -20 = -2*r + 3*y. Let w be l(r). Suppose w*b - 13 = -1. What is the units digit of b?
4
Suppose -w + o + o - 3 = 0, 4*o = w + 11. Suppose -5*x - 3*m = -14, m = -w*x + 2*x + 10. What is the units digit of x?
4
Let q be 8/32 + (-6)/(-8). What is the units digit of (-4)/3*(-2 - q)?
4
Let n(q) be the third derivative of -q**5/60 + 7*q**4/24 + q**3/3 + q**2. Let b = -17 + 24. What is the units digit of n(b)?
2
Let g(n) = 4*n**2 + 2*n**2 - 3*n + 3*n. What is the units digit of g(1)?
6
Let x be -3*(12/(-9))/2. Suppose -x*z - 9 = 13. Let i = 17 + z. What is the units digit of i?
6
Let d(o) = -2*o**2 + 1 + 3*o**2 - o + 0*o**2 + 0*o**2 + 27*o**3. Let h be d(1). What is the units digit of (24/(-28))/((-6)/h)?
4
Let d be (1 - 3/2)*8. Let y = 3 - d. What is the units digit of y?
7
What is the tens digit of (1 + 5)*(-42)/(-4)?
6
Let y = -7 + 10. Let z be (-16)/(-6) - (-8)/(-12). Suppose -y*x + z = -25. What is the units digit of x?
9
What is the tens digit of ((-66)/(-15))/(2/10)?
2
Suppose j + 8 = -x - j, -5*x - 24 = 2*j. Let u be (x/6)/(6/(-9)). Let d(n) = 9*n. What is the units digit of d(u)?
9
Suppose 0*m + 2*m - 21 = -5*v, -5*m + 18 = v. Let t(z) = 3*z**2 + z + 3. Let p be t(4). Suppose 0 = -m*g - 2*g + p. What is the units digit of g?
1
Suppose -2*m = -5*f + 83, -2*f + 3*m - 4 + 35 = 0. What is the units digit of f?
7
Let l be (-46)/(-14) + 8/(-28). Suppose 12 = l*n - n. Suppose 2 + n = t. What is the units digit of t?
8
What is the hundreds digit of (2/(-4))/(12/(-4344))?
1
Let l(v) = -v**3 + 12*v**2 - 14*v - 16. Let n be l(11). Let z = 70 + n. What is the units digit of z?
1
Let y be 2/3 + (-14)/(-6). Let b(z) = z - 3. Let f be b(y). Suppose -l + 5*l - 36 = f. What is the units digit of l?
9
Let z = 3 - 4. Let k = 3 - z. What is the units digit of k?
4
Let b = -2 - -2. Let h(r) = r - 3*r + 4 + 3*r - 1. What is the units digit of h(b)?
3
What is the units digit of (-3 + 8/4)*-1